alculate the remainder when 4861 is divided by 16.
13
Calculate the remainder when 299 is divided by 84.
47
What is the remainder when 258 is divided by 54?
42
Calculate the remainder when 113 is divided by 12.
5
Calculate the remainder when 1714 is divided by 28.
6
What is the remainder when 70 is divided by 24?
22
Calculate the remainder when 520 is divided by 2.
0
Calculate the remainder when 159 is divided by 8.
7
Calculate the remainder when 225 is divided by 52.
17
Calculate the remainder when 105 is divided by 33.
6
Calculate the remainder when 151 is divided by 82.
69
What is the remainder when 1020 is divided by 64?
60
Calculate the remainder when 142 is divided by 39.
25
What is the remainder when 4813 is divided by 155?
8
What is the remainder when 229 is divided by 216?
13
What is the remainder when 223 is divided by 28?
27
What is the remainder when 357 is divided by 96?
69
What is the remainder when 262 is divided by 66?
64
Calculate the remainder when 803 is divided by 99.
11
Calculate the remainder when 19961 is divided by 18.
17
What is the remainder when 275 is divided by 48?
35
Calculate the remainder when 3813 is divided by 106.
103
What is the remainder when 375 is divided by 54?
51
What is the remainder when 43 is divided by 31?
12
What is the remainder when 2481 is divided by 1237?
7
Calculate the remainder when 89 is divided by 32.
25
What is the remainder when 8901 is divided by 29?
27
What is the remainder when 345 is divided by 29?
26
Calculate the remainder when 26 is divided by 21.
5
What is the remainder when 95 is divided by 11?
7
What is the remainder when 2726 is divided by 48?
38
Calculate the remainder when 7037 is divided by 1005.
2
Calculate the remainder when 28 is divided by 23.
5
Calculate the remainder when 186 is divided by 34.
16
Calculate the remainder when 1261 is divided by 4.
1
Calculate the remainder when 8280 is divided by 41.
39
What is the remainder when 138 is divided by 48?
42
Calculate the remainder when 129315 is divided by 89.
87
What is the remainder when 45 is divided by 16?
13
Calculate the remainder when 398 is divided by 367.
31
What is the remainder when 455 is divided by 246?
209
What is the remainder when 380 is divided by 32?
28
Calculate the remainder when 47 is divided by 25.
22
What is the remainder when 438 is divided by 26?
22
What is the remainder when 339 is divided by 90?
69
Calculate the remainder when 208 is divided by 11.
10
What is the remainder when 2179 is divided by 146?
135
Calculate the remainder when 58 is divided by 4.
2
What is the remainder when 281 is divided by 268?
13
What is the remainder when 139 is divided by 74?
65
What is the remainder when 729 is divided by 149?
133
What is the remainder when 537 is divided by 36?
33
Calculate the remainder when 639 is divided by 24.
15
What is the remainder when 129 is divided by 33?
30
Calculate the remainder when 519 is divided by 8.
7
Calculate the remainder when 37 is divided by 15.
7
What is the remainder when 697 is divided by 140?
137
Calculate the remainder when 1211 is divided by 205.
186
What is the remainder when 1930 is divided by 6?
4
Calculate the remainder when 148 is divided by 55.
38
What is the remainder when 657 is divided by 168?
153
What is the remainder when 122 is divided by 69?
53
What is the remainder when 156 is divided by 47?
15
What is the remainder when 34 is divided by 9?
7
What is the remainder when 105 is divided by 27?
24
Calculate the remainder when 40 is divided by 7.
5
What is the remainder when 3103 is divided by 1031?
10
What is the remainder when 278 is divided by 48?
38
Calculate the remainder when 139 is divided by 15.
4
Calculate the remainder when 2298 is divided by 19.
18
Calculate the remainder when 1403 is divided by 39.
38
Calculate the remainder when 451 is divided by 92.
83
What is the remainder when 2494 is divided by 24?
22
Calculate the remainder when 254 is divided by 153.
101
Calculate the remainder when 1261 is divided by 627.
7
What is the remainder when 406 is divided by 11?
10
What is the remainder when 6464 is divided by 122?
120
Calculate the remainder when 198 is divided by 103.
95
What is the remainder when 267 is divided by 221?
46
Calculate the remainder when 218 is divided by 16.
10
What is the remainder when 220 is divided by 7?
3
What is the remainder when 318 is divided by 116?
86
Calculate the remainder when 273 is divided by 46.
43
What is the remainder when 365 is divided by 65?
40
What is the remainder when 14 is divided by 7?
0
Calculate the remainder when 951 is divided by 14.
13
Calculate the remainder when 221 is divided by 151.
70
What is the remainder when 1607 is divided by 61?
21
What is the remainder when 687 is divided by 13?
11
Calculate the remainder when 7188 is divided by 91.
90
What is the remainder when 872 is divided by 216?
8
Calculate the remainder when 458 is divided by 135.
53
What is the remainder when 1823 is divided by 32?
31
What is the remainder when 4459 is divided by 186?
181
What is the remainder when 296 is divided by 43?
38
What is the remainder when 909 is divided by 35?
34
Calculate the remainder when 63 is divided by 34.
29
What is the remainder when 105 is divided by 94?
11
Calculate the remainder when 674 is divided by 244.
186
Calculate the remainder when 894 is divided by 16.
14
Calculate the remainder when 114 is divided by 39.
36
Calculate the remainder when 674 is divided by 304.
66
What is the remainder when 433 is divided by 81?
28
What is the remainder when 880 is divided by 290?
10
What is the remainder when 699 is divided by 64?
59
Calculate the remainder when 944 is divided by 45.
44
What is the remainder when 275 is divided by 150?
125
Calculate the remainder when 35 is divided by 2.
1
Calculate the remainder when 2011 is divided by 668.
7
Calculate the remainder when 590 is divided by 98.
2
What is the remainder when 1066 is divided by 12?
10
What is the remainder when 78 is divided by 52?
26
What is the remainder when 261 is divided by 41?
15
Calculate the remainder when 270 is divided by 36.
18
What is the remainder when 561 is divided by 47?
44
What is the remainder when 7029 is divided by 702?
9
What is the remainder when 56 is divided by 42?
14
Calculate the remainder when 1869 is divided by 268.
261
What is the remainder when 36 is divided by 17?
2
What is the remainder when 1004 is divided by 250?
4
What is the remainder when 738 is divided by 96?
66
What is the remainder when 141 is divided by 139?
2
What is the remainder when 93 is divided by 24?
21
Calculate the remainder when 3872 is divided by 13.
11
What is the remainder when 43 is divided by 30?
13
What is the remainder when 28 is divided by 6?
4
What is the remainder when 249 is divided by 50?
49
What is the remainder when 124 is divided by 54?
16
Calculate the remainder when 200 is divided by 89.
22
What is the remainder when 58 is divided by 8?
2
What is the remainder when 2280 is divided by 58?
18
Calculate the remainder when 132 is divided by 106.
26
What is the remainder when 652 is divided by 366?
286
What is the remainder when 480 is divided by 166?
148
Calculate the remainder when 252 is divided by 37.
30
What is the remainder when 85 is divided by 13?
7
What is the remainder when 63 is divided by 34?
29
What is the remainder when 77 is divided by 31?
15
Calculate the remainder when 176223 is divided by 25.
23
What is the remainder when 608 is divided by 14?
6
Calculate the remainder when 744 is divided by 22.
18
Calculate the remainder when 4620 is divided by 1539.
3
Calculate the remainder when 113 is divided by 57.
56
Calculate the remainder when 29 is divided by 7.
1
Calculate the remainder when 89 is divided by 17.
4
Calculate the remainder when 1452 is divided by 26.
22
What is the remainder when 656 is divided by 66?
62
Calculate the remainder when 167 is divided by 24.
23
What is the remainder when 24797 is divided by 50?
47
Calculate the remainder when 161 is divided by 66.
29
What is the remainder when 914 is divided by 34?
30
Calculate the remainder when 75 is divided by 33.
9
Calculate the remainder when 444 is divided by 103.
32
Calculate the remainder when 191 is divided by 18.
11
Calculate the remainder w